te the remainder when 249 is divided by 26.
15
Calculate the remainder when 247 is divided by 42.
37
Calculate the remainder when 1880 is divided by 11.
10
What is the remainder when 606 is divided by 82?
32
What is the remainder when 105 is divided by 91?
14
What is the remainder when 585 is divided by 28?
25
What is the remainder when 12 is divided by 5?
2
What is the remainder when 2461 is divided by 32?
29
What is the remainder when 321 is divided by 12?
9
What is the remainder when 260 is divided by 3?
2
Calculate the remainder when 10765 is divided by 11.
7
Calculate the remainder when 284 is divided by 9.
5
Calculate the remainder when 268 is divided by 12.
4
Calculate the remainder when 2686 is divided by 34.
0
What is the remainder when 77 is divided by 59?
18
What is the remainder when 876 is divided by 13?
5
Calculate the remainder when 313 is divided by 46.
37
Calculate the remainder when 613 is divided by 162.
127
Calculate the remainder when 536 is divided by 81.
50
Calculate the remainder when 140 is divided by 40.
20
Calculate the remainder when 587 is divided by 12.
11
Calculate the remainder when 2110 is divided by 96.
94
Calculate the remainder when 21 is divided by 11.
10
Calculate the remainder when 4488 is divided by 9.
6
Calculate the remainder when 2401 is divided by 112.
49
What is the remainder when 1951 is divided by 972?
7
Calculate the remainder when 164 is divided by 44.
32
Calculate the remainder when 724 is divided by 71.
14
What is the remainder when 132 is divided by 15?
12
Calculate the remainder when 379 is divided by 132.
115
Calculate the remainder when 218 is divided by 16.
10
What is the remainder when 200 is divided by 87?
26
Calculate the remainder when 460 is divided by 42.
40
What is the remainder when 187 is divided by 61?
4
What is the remainder when 1082 is divided by 19?
18
What is the remainder when 110 is divided by 16?
14
Calculate the remainder when 8319 is divided by 128.
127
Calculate the remainder when 199 is divided by 37.
14
What is the remainder when 334 is divided by 113?
108
What is the remainder when 205 is divided by 23?
21
Calculate the remainder when 198 is divided by 36.
18
What is the remainder when 960 is divided by 19?
10
Calculate the remainder when 7445 is divided by 12.
5
Calculate the remainder when 214 is divided by 145.
69
What is the remainder when 37 is divided by 8?
5
Calculate the remainder when 1203 is divided by 86.
85
What is the remainder when 2609 is divided by 434?
5
Calculate the remainder when 547 is divided by 18.
7
What is the remainder when 164 is divided by 155?
9
Calculate the remainder when 221 is divided by 92.
37
Calculate the remainder when 253 is divided by 64.
61
Calculate the remainder when 380 is divided by 6.
2
What is the remainder when 3315 is divided by 33?
15
What is the remainder when 88 is divided by 10?
8
Calculate the remainder when 1237 is divided by 21.
19
Calculate the remainder when 14482 is divided by 142.
140
What is the remainder when 1197 is divided by 25?
22
Calculate the remainder when 60 is divided by 42.
18
What is the remainder when 181 is divided by 32?
21
What is the remainder when 95 is divided by 50?
45
What is the remainder when 1054 is divided by 88?
86
What is the remainder when 2798 is divided by 11?
4
Calculate the remainder when 8593 is divided by 15.
13
What is the remainder when 409 is divided by 71?
54
What is the remainder when 4758 is divided by 119?
117
What is the remainder when 458 is divided by 46?
44
Calculate the remainder when 327 is divided by 8.
7
What is the remainder when 448 is divided by 45?
43
What is the remainder when 679 is divided by 112?
7
What is the remainder when 95 is divided by 32?
31
Calculate the remainder when 615 is divided by 10.
5
What is the remainder when 366 is divided by 17?
9
Calculate the remainder when 361 is divided by 74.
65
What is the remainder when 211 is divided by 12?
7
Calculate the remainder when 149 is divided by 104.
45
What is the remainder when 99 is divided by 34?
31
What is the remainder when 493 is divided by 24?
13
Calculate the remainder when 132 is divided by 37.
21
What is the remainder when 99 is divided by 26?
21
What is the remainder when 117 is divided by 15?
12
Calculate the remainder when 211 is divided by 56.
43
What is the remainder when 72 is divided by 25?
22
What is the remainder when 747 is divided by 4?
3
Calculate the remainder when 687 is divided by 4.
3
Calculate the remainder when 1040 is divided by 129.
8
Calculate the remainder when 32352 is divided by 45.
42
Calculate the remainder when 7349 is divided by 175.
174
What is the remainder when 455 is divided by 12?
11
Calculate the remainder when 73 is divided by 31.
11
Calculate the remainder when 245 is divided by 236.
9
What is the remainder when 489 is divided by 121?
5
Calculate the remainder when 27 is divided by 16.
11
Calculate the remainder when 521 is divided by 260.
1
What is the remainder when 4780 is divided by 145?
140
What is the remainder when 188 is divided by 13?
6
What is the remainder when 288 is divided by 42?
36
What is the remainder when 2085 is divided by 22?
17
What is the remainder when 147 is divided by 4?
3
Calculate the remainder when 837 is divided by 291.
255
Calculate the remainder when 130 is divided by 17.
11
Calculate the remainder when 70 is divided by 46.
24
What is the remainder when 321 is divided by 28?
13
What is the remainder when 312 is divided by 37?
16
What is the remainder when 92 is divided by 6?
2
What is the remainder when 1027 is divided by 100?
27
What is the remainder when 309 is divided by 83?
60
What is the remainder when 175 is divided by 82?
11
Calculate the remainder when 126 is divided by 57.
12
Calculate the remainder when 7534 is divided by 55.
54
Calculate the remainder when 253 is divided by 37.
31
Calculate the remainder when 575 is divided by 146.
137
Calculate the remainder when 76 is divided by 21.
13
Calculate the remainder when 592 is divided by 22.
20
Calculate the remainder when 285 is divided by 18.
15
Calculate the remainder when 20983 is divided by 36.
31
What is the remainder when 1363 is divided by 11?
10
Calculate the remainder when 39 is divided by 16.
7
What is the remainder when 375 is divided by 53?
4
Calculate the remainder when 4410 is divided by 4.
2
Calculate the remainder when 67 is divided by 62.
5
Calculate the remainder when 852 is divided by 14.
12
What is the remainder when 834 is divided by 21?
15
What is the remainder when 1410 is divided by 116?
18
What is the remainder when 217 is divided by 11?
8
What is the remainder when 1288 is divided by 158?
24
Calculate the remainder when 2365 is divided by 37.
34
What is the remainder when 161 is divided by 34?
25
What is the remainder when 850 is divided by 186?
106
Calculate the remainder when 98 is divided by 3.
2
What is the remainder when 5321 is divided by 354?
11
What is the remainder when 395 is divided by 66?
65
What is the remainder when 195 is divided by 50?
45
Calculate the remainder when 409 is divided by 41.
40
Calculate the remainder when 123 is divided by 13.
6
Calculate the remainder when 1077 is divided by 22.
21
What is the remainder when 3921 is divided by 218?
215
Calculate the remainder when 131 is divided by 28.
19
What is the remainder when 292 is divided by 13?
6
Calculate the remainder when 127 is divided by 6.
1
Calculate the remainder when 443 is divided by 104.
27
Calculate the remainder when 724 is divided by 286.
152
Calculate the remainder when 751 is divided by 54.
49
Calculate the remainder when 66 is divided by 47.
19
What is the remainder when 1340 is divided by 96?
92
Calculate the remainder when 162 is divided by 52.
6
Calculate the remainder when 316 is divided by 294.
22
Calculate the remainder when 218 is divided by 77.
64
What is the remainder when 3226 is divided by 38?
34
What is the remainder when 386 is divided by 375?
11
Calculate the remainder when 1528 is divided by 488.
64
What is the remainder when 271 is divided by 34?
33
What is the remainder when 1281 is divided by 490?
301
What is the remainder when 1174 is divided by 185?
64
What is the remainder when 40 is divided by 27?
13
Calculate the remai